 - 18. List the prime factors of w.
2, 3
Suppose -d + 163 = 3*b, -240 = -3*b + 5*d - 83. Let f be 690/b + (-4)/(-18). Suppose -2*r - 2*r + f = -j, 0 = -2*j - 5*r + 39. What are the prime factors of j?
7
Let u = 13 - 26. Let h = -1 - u. List the prime factors of h.
2, 3
Suppose 0*j = 5*g + j - 375, 0 = g - 3*j - 75. What are the prime factors of g?
3, 5
Suppose z + 4 = -5. Let a = 5 + z. Let b = 11 + a. List the prime factors of b.
7
Suppose 12 = -3*n + 27. Suppose -5*d - 18 = -4*h, -7 - 9 = -n*h + 3*d. List the prime factors of h/8 - 140/(-16).
3
Let d(z) = -z + 2*z + 1 - 5 + 2*z. What are the prime factors of d(6)?
2, 7
Suppose -2 = 4*d - 2*d. What are the prime factors of d/(-3)*75*1?
5
Suppose x - 147 + 983 = 0. What are the prime factors of x/(-33) - 1/3?
5
Suppose 0*o - 20 = 5*o. What are the prime factors of (-4 - -15) + o/(-2)?
13
Suppose 4*a + 32 = -0. Let b = a - -13. What are the prime factors of b?
5
List the prime factors of (-7 + 5)*((-351)/6 - -1).
5, 23
Suppose 4*g - 4*a = -0*g - 92, 2*a - 124 = 5*g. What are the prime factors of 5/(-20) + g/(-8)?
3
Let q be (2 - 2 - 0)/(-2). Suppose -2*i + 2*f - 2 = q, -f - 4 = -2*i - 2. Suppose 46 = 3*v - j, -4*v + 8*j - i*j = -76. What are the prime factors of v?
2, 7
What are the prime factors of 18/(-42) + (-300)/(-14)?
3, 7
Suppose 7 = -3*n + 4. List the prime factors of n/(-4) - 2224/(-64).
5, 7
Let o(j) = -j**2 - 7*j - 8. Let z be o(-7). Let q = -4 - z. List the prime factors of q.
2
Let l = -33 - -73. Suppose -2*n + l = -78. List the prime factors of n.
59
Suppose 2495 - 7854 = -23*a. What are the prime factors of a?
233
Let w(d) = -4*d**3 + d**2 + 6*d - 5. Let k(i) = -9*i**3 + i**2 + 12*i - 11. Let r(f) = -3*k(f) + 7*w(f). What are the prime factors of r(4)?
2, 11
Let s be (-3)/(0 + 3/(-8)). Let i = s - -2. What are the prime factors of i?
2, 5
Suppose 2*i + 0*i = 10. Suppose 4*j - 43 = x, -i*j - x + 38 = 3*x. What are the prime factors of j?
2, 5
Suppose -2*h = -7*h. Suppose -3*s - r + 4*r + 51 = h, -2*r = 4*s - 74. Let y = 29 - s. List the prime factors of y.
11
Let b(z) = z**2 - 14*z - 15. Let r be b(13). Let t = 45 + r. List the prime factors of t.
17
What are the prime factors of 2 - (-55)/(-30) - (-5127)/18?
3, 5, 19
Let q = 78 + -71. What are the prime factors of q?
7
Let i be -1 + 2*(-30)/3. Let s be (-3 - -2)*(-2 + i). Suppose 0 = 3*t - s - 7. What are the prime factors of t?
2, 5
Let y(l) = -4*l**3 - l**2 - 4*l - 3. List the prime factors of y(-3).
2, 3
Let c = 6 - 6. Suppose -l = -c*l - 57. List the prime factors of l.
3, 19
Suppose 5*k - 17 = -4*q, -2 = q - 2*k - 16. Let a = -6 - -4. List the prime factors of ((-9)/4)/(a/q).
3
Let m = 127 - 244. List the prime factors of m/(-6) - 4/8.
19
List the prime factors of (-11)/55 + (-602)/(-10).
2, 3, 5
Let y = -44 - -82. List the prime factors of y.
2, 19
Suppose -2*l - 73 = -3*y, -36 = -3*y + 2*y + 3*l. List the prime factors of y.
3, 7
Suppose 0 = 3*n + 2*n - 5. Let z = n + 1. Suppose 2*b + z = 26. What are the prime factors of b?
2, 3
Let t(w) = 28*w + 2. Let b be t(-1). Let d = -6 - b. List the prime factors of d.
2, 5
Let n = 3 + -2. Let h = n + 5. What are the prime factors of h?
2, 3
Let j = -21 - -15. Let l = 11 + j. List the prime factors of l.
5
Let k be (-4)/6 + 160/15. Suppose 0 = 5*c - 2*q - 114 - 15, 5*q + k = 0. List the prime factors of c.
5
Let a(m) = -3*m - 3. Let s be a(-2). Let x(c) = -2*c**3 - 5*c**2 + 4*c + 3. Let i be x(-4). Suppose 0*z = 2*z - 2, z = s*t - i. What are the prime factors of t?
2, 3
Suppose 3*p - 23 = -4*y + 20, 3*p - 22 = -y. Let m be (-2)/y + (-1314)/(-42). Suppose -5*d + m + 36 = -u, 0 = -2*u - 4. What are the prime factors of d?
13
Let c(f) be the third derivative of -1/24*f**4 + 0*f - 1/6*f**3 + 1/60*f**5 + 1/120*f**6 + 0 - f**2. What are the prime factors of c(2)?
3
Suppose 0 = -b + 5 - 3. Suppose 5*s = -i + 71, b*i = -5*s + 3*i + 69. What are the prime factors of s?
2, 7
Suppose 4*y + 2*d + 1 - 11 = 0, 2*y - d = 3. Suppose h = 2 + y. Suppose -h*w - 4 = -4*i, -3*w + 8*w - 4*i = -2. What are the prime factors of w?
2
Let v(k) = 14*k**3 - 1 - 3*k**2 + 3*k**2. Let i be v(1). Suppose d + 2*u = 20, 2*d + 5 = 4*u + i. What are the prime factors of d?
2, 3
Let s(j) be the third derivative of j**5/60 - j**4/24 - 2*j**3/3 + 2*j**2. Let w be s(3). Suppose -a + w = -0. List the prime factors of a.
2
Suppose 0*g - 3*g = v - 132, -3*g + 378 = 3*v. What are the prime factors of v?
3, 41
Let l be (36/8)/((-1)/2). Let a = -5 - l. List the prime factors of a.
2
Let j(x) = -x**2 + 24*x - 7. What are the prime factors of j(21)?
2, 7
Suppose w - 27 = -2*w. Let p be w*1 - (3 - 3). Suppose -2*b - p = -35. List the prime factors of b.
13
Let c = -11 + 23. Let r be 86/10 + c/30. List the prime factors of 27/(-6)*(-6)/r.
3
Let l = -24 + 40. Let j = 38 - l. List the prime factors of j.
2, 11
Suppose -83 - 13 = -4*m. List the prime factors of m.
2, 3
Let m(t) = 50*t**2 + t - 1. What are the prime factors of m(1)?
2, 5
Let g(p) be the third derivative of p**6/60 + p**3/3 + 2*p**2. What are the prime factors of g(2)?
2, 3
Let u(d) = d**3 - 10*d**2 + 12*d + 1. List the prime factors of u(10).
11
Let y = 268 - 14. Suppose -3*k + 0*k = -5*t + y, 4 = 2*k. What are the prime factors of t?
2, 13
Suppose w - 5*b + 36 = 0, -3*w = -5*w + b - 36. Suppose -2*d - 70 = -7*d. List the prime factors of (d/(-8))/(4/w).
7
Let v(c) = -c - 2. Let n be v(-5). Let j be 17/(-1) + (n - 0). What are the prime factors of (-216)/j - (-9)/(-21)?
3, 5
Suppose 2*q - 1 = 5. Let g(n) = -n - 14. Let f be g(-14). Suppose 4*a + 18 + 23 = q*s, -a - 2 = f. What are the prime factors of s?
11
Suppose x - 10 = -x. Suppose 36 = 3*i - 0*i - 3*c, -4*c - 55 = -x*i. What are the prime factors of i?
7
Let k = -14 - -14. Suppose -5*x + 2*o + 5 = k, -5*o + 0*o + 25 = 0. List the prime factors of x.
3
Let l(z) = z**3 - z + 8*z**2 + z**2 + 0 - 4. List the prime factors of l(-9).
5
Let f = -81 + 127. What are the prime factors of f?
2, 23
Suppose -30 = -r - 12. Suppose 5*g = g. Suppose 0 = -g*w + 3*w - r. What are the prime factors of w?
2, 3
Let v = -11 - -25. What are the prime factors of (68/6)/(v/21)?
17
Suppose u + 5*a + 47 = 0, 2*u - 4*u - 105 = -a. Let z = u + 88. Suppose 3*v = -v + z. List the prime factors of v.
3
Suppose 0 = i + 5*n - 17, -4*i + 20 = -4*n - 0. What are the prime factors of i?
7
Suppose -12 = -4*x - 4. Suppose -x*i - 3 + 9 = 0. List the prime factors of i.
3
Let b(j) = j**3 + 4*j**2 - 6*j - 5. Let o be b(-5). Suppose 2*u - 3*u = o, u + 16 = 2*h. List the prime factors of h.
2
Suppose 7 = -3*t + 4*x, 4*t = 5*t + 3*x - 15. Suppose t*w - 28 = 2. Let j(h) = h**3 - 9*h**2 - 10*h + 12. List the prime factors of j(w).
2, 3
Suppose -3*y + 6*y = -5*h + 270, -4*h - 487 = -5*y. What are the prime factors of y?
5, 19
Suppose 4*v = r + 3*v, 0 = 4*r + 4*v + 16. Let p = r + 5. What are the prime factors of p?
3
Let r(z) = -2*z**3 - 4*z**2 - 4*z - 2. Let q be r(-2). List the prime factors of (-2 + 15/q)*8.
2
Let j(k) = k**3 - 9*k**2 + k - 8. Let m be j(9). Let v = m + -1. Suppose 5*f + v*f = 20. List the prime factors of f.
2
Suppose 3*l = l + 10. Suppose 8 + 1 = 2*g - b, -4*g + 3 = -l*b. What are the prime factors of g?
7
Suppose 239*d - 235*d = 808. What are the prime factors of d?
2, 101
Suppose -185 = -3*x - 2*x. List the prime factors of x.
37
Let k be (10/8)/(6/24). What are the prime factors of (-1 - k)/((-4)/6)?
3
Suppose -2*b = 3*q - 0*b - 109, -5*q + 167 = -4*b. Suppose 0 = 4*i - q - 9. What are the prime factors of i?
11
Let g = 13 - 11. What are the prime factors of g?
2
Suppose t = -0*t + 3. Suppose -3*m = -n + 34, 0 = -t*n + 3*m + 2*m + 98. List the prime factors of n.
31
Suppose -m - 6 = -0. Let h = -6 - m. Suppose h = 5*a - 28 - 57. List the prime factors of a.
17
Let a be 5 + -1 + (-1)/1. Let i be a*(-1 + 0)*-1. Suppose -6*k + 3*k + q + 4 = 0, -i*k = 4*q - 14. What are the prime factors of k?
2
Let l = -1 - -2. Let t be 4/(-8)*(l + -1). Suppose t = 3*i - 3 - 9. What are the prime factors of i?
2
Suppose -3*h = y + h - 22, -2*y = -2*h + 6. Suppose -2*s - y*s + 84 = 0. Let d = -8 + s. List the prime factors of d.
13
Suppose 5 = 5*h - 5. Suppose g = h*f + 12, f = 5*g + 3*f. Suppose g = 2*w - 4. What are the prime factors of w?
3
Let p(